 1891816993.
11, 37, 125627
What are the prime factors of 113612893?
23, 73, 157, 431
What are the prime factors of 165078200?
2, 5, 7, 61, 1933
List the prime factors of 1173526606.
2, 7, 83823329
What are the prime factors of 539115223?
14699, 36677
List the prime factors of 3097440676.
2, 11, 61, 1154039
What are the prime factors of 66108111?
3, 22036037
List the prime factors of 580644309.
3, 7, 53, 521693
What are the prime factors of 8245646742?
2, 3, 1374274457
List the prime factors of 1018834876.
2, 79, 3224161
List the prime factors of 604282239.
3, 11, 163, 37447
List the prime factors of 273561836.
2, 68390459
What are the prime factors of 996756360?
2, 3, 5, 107, 149, 521
What are the prime factors of 23926665?
3, 5, 7, 227873
List the prime factors of 310461400.
2, 5, 1552307
What are the prime factors of 451589179?
67, 6740137
What are the prime factors of 431434682?
2, 7, 29, 36643
What are the prime factors of 184547084?
2, 1723, 26777
What are the prime factors of 11331866?
2, 7, 13, 19, 29, 113
What are the prime factors of 401986676?
2, 7, 13, 47, 23497
What are the prime factors of 281080473?
3, 93693491
What are the prime factors of 76062921?
3, 11, 2304937
List the prime factors of 281361005.
5, 56272201
What are the prime factors of 337483032?
2, 3, 3079, 4567
List the prime factors of 71824434.
2, 3, 11, 53, 20533
What are the prime factors of 42770777?
7, 23, 37951
List the prime factors of 187239096.
2, 3, 11, 59, 4007
What are the prime factors of 7590733?
7590733
List the prime factors of 4013982440.
2, 5, 13, 7719197
What are the prime factors of 42001811?
53, 792487
What are the prime factors of 505921840?
2, 5, 6324023
List the prime factors of 604408219.
149, 4056431
What are the prime factors of 1610237428?
2, 402559357
What are the prime factors of 621810366?
2, 3, 241, 487, 883
List the prime factors of 156053955.
3, 5, 10403597
List the prime factors of 3433012330.
2, 5, 11, 67, 465809
What are the prime factors of 1537572216?
2, 3, 3623, 17683
What are the prime factors of 234498679?
9817, 23887
What are the prime factors of 2262698816?
2, 7, 41, 47, 2621
What are the prime factors of 13517707?
7, 1931101
What are the prime factors of 122677931?
8501, 14431
What are the prime factors of 281656764?
2, 3, 61, 14251
List the prime factors of 211282841.
7, 11, 2743933
What are the prime factors of 81881632?
2, 7, 43, 8501
What are the prime factors of 308469580?
2, 5, 337, 45767
What are the prime factors of 1570672?
2, 89, 1103
What are the prime factors of 2695098147?
3, 7, 211, 12413
What are the prime factors of 119863887?
3, 11, 13, 31, 9013
List the prime factors of 32904343.
251, 337, 389
What are the prime factors of 424136511?
3, 47126279
What are the prime factors of 21138408?
2, 3, 32621
What are the prime factors of 137973369?
3, 43, 1069561
List the prime factors of 79936956.
2, 3, 11, 2039
What are the prime factors of 18987881?
11, 1726171
What are the prime factors of 1537619231?
227, 733, 9241
List the prime factors of 22638816.
2, 3, 78607
What are the prime factors of 3459563429?
7, 757, 652871
List the prime factors of 260986808.
2, 3853, 8467
What are the prime factors of 982889569?
83, 1289, 9187
What are the prime factors of 102984351?
3, 17, 19, 106279
What are the prime factors of 110130793?
73, 97, 103, 151
List the prime factors of 393882371.
97, 4060643
What are the prime factors of 7174175791?
37, 193896643
List the prime factors of 89972777.
5531, 16267
List the prime factors of 1482819480.
2, 3, 5, 1372981
What are the prime factors of 867668410?
2, 5, 7, 47, 263729
List the prime factors of 129803141.
13, 37, 421, 641
What are the prime factors of 292277576?
2, 653, 55949
What are the prime factors of 2045827326?
2, 3, 83, 4108087
What are the prime factors of 778724545?
5, 155744909
List the prime factors of 80990129.
11, 41, 179579
What are the prime factors of 50903478?
2, 3, 314219
What are the prime factors of 290257968?
2, 3, 7, 11, 13, 863
What are the prime factors of 192519777?
3, 29, 2212871
What are the prime factors of 7323782?
2, 61, 173, 347
List the prime factors of 140658717.
3, 46886239
What are the prime factors of 7954832487?
3, 7, 53, 7147199
What are the prime factors of 138825552?
2, 3, 19, 29, 181
What are the prime factors of 71682605?
5, 23, 623327
What are the prime factors of 15113880?
2, 3, 5, 41983
List the prime factors of 7042243975.
5, 13, 21668443
List the prime factors of 206624750.
2, 5, 826499
What are the prime factors of 2234670643?
2234670643
What are the prime factors of 56593048?
2, 131, 54001
What are the prime factors of 682462051?
823, 829237
What are the prime factors of 192358204?
2, 19, 1481, 1709
List the prime factors of 30465205.
5, 6093041
List the prime factors of 277966712.
2, 173, 200843
List the prime factors of 73435780.
2, 5, 11, 23, 631
What are the prime factors of 485540858?
2, 11, 19, 1161581
What are the prime factors of 1321046336?
2, 17, 1214197
List the prime factors of 78837242.
2, 11, 1039, 3449
List the prime factors of 237863941.
7, 33980563
What are the prime factors of 263496250?
2, 5, 277, 761
What are the prime factors of 174462415?
5, 17, 79, 25981
What are the prime factors of 56241511?
1997, 28163
List the prime factors of 770487005.
5, 17, 23, 97, 239
What are the prime factors of 155660746?
2, 77830373
What are the prime factors of 101629619?
7, 13, 1116809
List the prime factors of 3083656950.
2, 3, 5, 11, 571, 1091
What are the prime factors of 5490430461?
3, 271, 2251099
List the prime factors of 84331207.
47, 563, 3187
What are the prime factors of 314146046?
2, 43, 1237, 2953
What are the prime factors of 103721544?
2, 3, 1440577
What are the prime factors of 2305494637?
19, 121341823
List the prime factors of 1963391127.
3, 654463709
What are the prime factors of 60840348?
2, 3, 17, 298237
List the prime factors of 3084962075.
5, 13, 19, 179, 2791
List the prime factors of 155360216.
2, 11, 23, 59, 1301
List the prime factors of 3660663.
3, 233, 5237
List the prime factors of 2893060026.
2, 3, 547, 293831
List the prime factors of 269136112.
2, 7, 17, 141353
List the prime factors of 1255142411.
1255142411
What are the prime factors of 49497846?
2, 3, 17, 373, 1301
List the prime factors of 41923607.
11, 41, 92957
List the prime factors of 111076858.
2, 55538429
What are the prime factors of 6664491155?
5, 7, 23, 691, 11981
What are the prime factors of 8812281?
3, 2937427
List the prime factors of 308302949.
19, 16226471
What are the prime factors of 57474268?
2, 14368567
List the prime factors of 645998888.
2, 223, 362107
List the prime factors of 801442052.
2, 37, 5415149
List the prime factors of 579378973.
579378973
List the prime factors of 1655977165.
5, 89, 3721297
What are the prime factors of 821369829?
3, 7, 19, 2058571
What are the prime factors of 777272896?
2, 67, 109, 1663
What are the prime factors of 70766066?
2, 7, 5054719
List the prime factors of 835754249.
11, 1019, 74561
What are the prime factors of 58412722?
2, 29206361
What are the prime factors of 12386299?
12386299
List the prime factors of 362409018.
2, 3, 53, 509, 2239
What are the prime factors of 1751069007?
3, 31, 6276233
List the prime factors of 2123751004.
2, 530937751
What are the prime factors of 679898188?
2, 169974547
List the prime factors of 5062796719.
5062796719
List the prime factors of 5008545.
3, 5, 111301
What are the prime factors of 86541817?
139, 622603
What are the prime factors of 155472266?
2, 77736133
What are the prime factors of 189209929?
189209929
What are the prime factors of 1979581814?
2, 7, 47, 71, 42373
What are the prime factors of 1535976813?
3, 7, 43, 1187, 1433
List the prime factors of 50418871.
50418871
What are the prime factors of 1202076375?
3, 5, 17, 193, 977
List the prime factors of 598789121.
7, 85541303
What are the prime factors of 9181735889?
9181735889
List the prime factors of 31262244.
2, 3, 13, 23, 8713
What are the prime factors of 75481830?
2, 3, 5, 838687
What are the prime factors of 3568567267?
3568567267
What are the prime factors of 1003015508?
2, 11, 211, 108037
What are the prime factors of 98340043?
37, 251, 10589
What are the prime factors of 15440